{"id":424,"date":"2022-01-31T08:09:22","date_gmt":"2022-01-31T07:09:22","guid":{"rendered":"http:\/\/wiaraprawda.pl\/?page_id=424"},"modified":"2024-10-14T11:56:58","modified_gmt":"2024-10-14T09:56:58","slug":"naturalnie","status":"publish","type":"page","link":"https:\/\/movart.org.pl\/?page_id=424","title":{"rendered":"NATURAlnie"},"content":{"rendered":"\n<h2 class=\"has-text-align-center\">NATURAlnie<\/h2>\n\n\n\n<h2 class=\"has-text-align-center\">Kalwaria Zebrzydowska, Lanckorona, Wadowice<\/h2>\n\n\n\n<figure class=\"wp-block-image size-large\"><img loading=\"lazy\" width=\"1024\" height=\"301\" src=\"http:\/\/wiaraprawda.pl\/wp-content\/uploads\/2022\/01\/NATURAlnie_plansza_tylowka_2-1024x301.png\" alt=\"\" class=\"wp-image-425\" srcset=\"https:\/\/movart.org.pl\/wp-content\/uploads\/2022\/01\/NATURAlnie_plansza_tylowka_2-1024x301.png 1024w, https:\/\/movart.org.pl\/wp-content\/uploads\/2022\/01\/NATURAlnie_plansza_tylowka_2-300x88.png 300w, https:\/\/movart.org.pl\/wp-content\/uploads\/2022\/01\/NATURAlnie_plansza_tylowka_2-768x226.png 768w, https:\/\/movart.org.pl\/wp-content\/uploads\/2022\/01\/NATURAlnie_plansza_tylowka_2-1536x451.png 1536w, https:\/\/movart.org.pl\/wp-content\/uploads\/2022\/01\/NATURAlnie_plansza_tylowka_2-2048x602.png 2048w, https:\/\/movart.org.pl\/wp-content\/uploads\/2022\/01\/NATURAlnie_plansza_tylowka_2-604x177.png 604w\" sizes=\"(max-width: 1024px) 100vw, 1024px\" \/><\/figure>\n\n\n\n<p><em>Z czego znane s\u0105 polskim i zagranicznym turystom Kalwaria Zebrzydowska, Lanckorona i Wadowice? Odpowied\u017a wydaje si\u0119 prosta, a jednak&#8230;<\/em><\/p>\n\n\n\n<p><em>Tym razem proponujemy Wam spacer po mniej znanych i utartych drogach Powiatu Wadowickiego. Zapraszamy na w\u0119dr\u00f3wk\u0119 szlakiem przyrody, kt\u00f3ra w tych okolicach jest naprawd\u0119 wyj\u0105tkowo pi\u0119kna.<\/em><\/p>\n\n\n\n<p><strong>Projekt zrealizowano przy wsparciu finansowym Wojew\u00f3dztwa Ma\u0142opolskiego.<\/strong><\/p>\n\n\n\n<p><strong>Trailer PL<\/strong><\/p>\n\n\n\n<figure class=\"wp-block-embed is-type-video is-provider-youtube wp-block-embed-youtube wp-embed-aspect-16-9 wp-has-aspect-ratio\"><div class=\"wp-block-embed__wrapper\">\n<iframe loading=\"lazy\" title=\"NATURAlnie - Kalwaria Zebrzydowska, Lanckorona, Wadowice - trailer PL\" width=\"640\" height=\"360\" src=\"https:\/\/www.youtube.com\/embed\/uznx189kr7w?feature=oembed\" frameborder=\"0\" allow=\"accelerometer; autoplay; clipboard-write; encrypted-media; gyroscope; picture-in-picture; web-share\" referrerpolicy=\"strict-origin-when-cross-origin\" allowfullscreen><\/iframe>\n<\/div><\/figure>\n\n\n\n<p><strong>Trailer z napisami PL<\/strong><\/p>\n\n\n\n<figure class=\"wp-block-embed is-type-video is-provider-youtube wp-block-embed-youtube wp-embed-aspect-16-9 wp-has-aspect-ratio\"><div class=\"wp-block-embed__wrapper\">\n<iframe loading=\"lazy\" title=\"NATURAlnie - Kalwaria Zebrzydowska, Lanckorona, Wadowice - trailer PL z audiodeskrypcj\u0105\" width=\"640\" height=\"360\" src=\"https:\/\/www.youtube.com\/embed\/TrDCwWvJk60?feature=oembed\" frameborder=\"0\" allow=\"accelerometer; autoplay; clipboard-write; encrypted-media; gyroscope; picture-in-picture; web-share\" referrerpolicy=\"strict-origin-when-cross-origin\" allowfullscreen><\/iframe>\n<\/div><\/figure>\n\n\n\n<p><strong>Trailer z napisami EN<\/strong><\/p>\n\n\n\n<figure class=\"wp-block-embed is-type-video is-provider-youtube wp-block-embed-youtube wp-embed-aspect-16-9 wp-has-aspect-ratio\"><div class=\"wp-block-embed__wrapper\">\n<iframe loading=\"lazy\" title=\"NATURALLY - Kalwaria Zebrzydowska, Lanckorona, Wadowice - trailer subtitles EN\" width=\"640\" height=\"360\" src=\"https:\/\/www.youtube.com\/embed\/ZjQLhqJhPyE?feature=oembed\" frameborder=\"0\" allow=\"accelerometer; autoplay; clipboard-write; encrypted-media; gyroscope; picture-in-picture; web-share\" referrerpolicy=\"strict-origin-when-cross-origin\" allowfullscreen><\/iframe>\n<\/div><\/figure>\n\n\n\n<p><strong>Ca\u0142y film (PL)<\/strong><\/p>\n\n\n\n<figure class=\"wp-block-embed is-type-video is-provider-youtube wp-block-embed-youtube wp-embed-aspect-16-9 wp-has-aspect-ratio\"><div class=\"wp-block-embed__wrapper\">\n<iframe loading=\"lazy\" title=\"NATURAlnie - Kalwaria Zebrzydowska, Lanckorona, Wadowice\" width=\"640\" height=\"360\" src=\"https:\/\/www.youtube.com\/embed\/vDgiVwR3zAA?feature=oembed\" frameborder=\"0\" allow=\"accelerometer; autoplay; clipboard-write; encrypted-media; gyroscope; picture-in-picture; web-share\" referrerpolicy=\"strict-origin-when-cross-origin\" allowfullscreen><\/iframe>\n<\/div><\/figure>\n\n\n\n<p><strong>Ca\u0142y film z napisami PL<\/strong><\/p>\n\n\n\n<figure class=\"wp-block-embed is-type-video is-provider-youtube wp-block-embed-youtube wp-embed-aspect-16-9 wp-has-aspect-ratio\"><div class=\"wp-block-embed__wrapper\">\n<iframe loading=\"lazy\" title=\"NATURAlnie - Kalwaria Zebrzydowska, Lanckorona, Wadowice - napisy PL\" width=\"640\" height=\"360\" src=\"https:\/\/www.youtube.com\/embed\/FwZGD7s8Q9s?feature=oembed\" frameborder=\"0\" allow=\"accelerometer; autoplay; clipboard-write; encrypted-media; gyroscope; picture-in-picture; web-share\" referrerpolicy=\"strict-origin-when-cross-origin\" allowfullscreen><\/iframe>\n<\/div><\/figure>\n\n\n\n<p><strong>Ca\u0142y film z napisami EN<\/strong><\/p>\n\n\n\n<figure class=\"wp-block-embed is-type-video is-provider-youtube wp-block-embed-youtube wp-embed-aspect-16-9 wp-has-aspect-ratio\"><div class=\"wp-block-embed__wrapper\">\n<iframe loading=\"lazy\" title=\"NATURALLY - Kalwaria Zebrzydowska, Lanckorona, Wadowice - with EN subtitles\" width=\"640\" height=\"360\" src=\"https:\/\/www.youtube.com\/embed\/yef3q13EpaE?feature=oembed\" frameborder=\"0\" allow=\"accelerometer; autoplay; clipboard-write; encrypted-media; gyroscope; picture-in-picture; web-share\" referrerpolicy=\"strict-origin-when-cross-origin\" allowfullscreen><\/iframe>\n<\/div><\/figure>\n\n\n\n<p><strong>Mapy i proponowane trasy<\/strong><\/p>\n\n\n\n<figure class=\"wp-block-gallery columns-3 is-cropped\"><ul class=\"blocks-gallery-grid\"><li class=\"blocks-gallery-item\"><figure><a href=\"http:\/\/wiaraprawda.pl\/wp-content\/uploads\/2022\/01\/Mapy_01.png\"><img loading=\"lazy\" width=\"1024\" height=\"719\" src=\"https:\/\/wiaraprawda.pl\/wp-content\/uploads\/2022\/01\/Mapy_01-1024x719.png\" alt=\"\" data-id=\"426\" data-full-url=\"http:\/\/wiaraprawda.pl\/wp-content\/uploads\/2022\/01\/Mapy_01.png\" data-link=\"http:\/\/wiaraprawda.pl\/?attachment_id=426\" class=\"wp-image-426\" srcset=\"https:\/\/movart.org.pl\/wp-content\/uploads\/2022\/01\/Mapy_01-1024x719.png 1024w, https:\/\/movart.org.pl\/wp-content\/uploads\/2022\/01\/Mapy_01-300x211.png 300w, https:\/\/movart.org.pl\/wp-content\/uploads\/2022\/01\/Mapy_01-768x540.png 768w, https:\/\/movart.org.pl\/wp-content\/uploads\/2022\/01\/Mapy_01-1536x1079.png 1536w, https:\/\/movart.org.pl\/wp-content\/uploads\/2022\/01\/Mapy_01-384x270.png 384w, https:\/\/movart.org.pl\/wp-content\/uploads\/2022\/01\/Mapy_01.png 2000w\" sizes=\"(max-width: 1024px) 100vw, 1024px\" \/><\/a><\/figure><\/li><li class=\"blocks-gallery-item\"><figure><a href=\"http:\/\/wiaraprawda.pl\/wp-content\/uploads\/2022\/01\/Mapy_02.png\"><img loading=\"lazy\" width=\"1024\" height=\"724\" src=\"https:\/\/wiaraprawda.pl\/wp-content\/uploads\/2022\/01\/Mapy_02-1024x724.png\" alt=\"\" data-id=\"427\" data-full-url=\"http:\/\/wiaraprawda.pl\/wp-content\/uploads\/2022\/01\/Mapy_02.png\" data-link=\"http:\/\/wiaraprawda.pl\/?attachment_id=427\" class=\"wp-image-427\" srcset=\"https:\/\/movart.org.pl\/wp-content\/uploads\/2022\/01\/Mapy_02-1024x724.png 1024w, https:\/\/movart.org.pl\/wp-content\/uploads\/2022\/01\/Mapy_02-300x212.png 300w, https:\/\/movart.org.pl\/wp-content\/uploads\/2022\/01\/Mapy_02-768x543.png 768w, https:\/\/movart.org.pl\/wp-content\/uploads\/2022\/01\/Mapy_02-1536x1086.png 1536w, https:\/\/movart.org.pl\/wp-content\/uploads\/2022\/01\/Mapy_02-382x270.png 382w, https:\/\/movart.org.pl\/wp-content\/uploads\/2022\/01\/Mapy_02.png 2000w\" sizes=\"(max-width: 1024px) 100vw, 1024px\" \/><\/a><\/figure><\/li><li class=\"blocks-gallery-item\"><figure><a href=\"http:\/\/wiaraprawda.pl\/wp-content\/uploads\/2022\/01\/Mapy_03.png\"><img loading=\"lazy\" width=\"1024\" height=\"724\" src=\"https:\/\/wiaraprawda.pl\/wp-content\/uploads\/2022\/01\/Mapy_03-1024x724.png\" alt=\"\" data-id=\"428\" data-full-url=\"http:\/\/wiaraprawda.pl\/wp-content\/uploads\/2022\/01\/Mapy_03.png\" data-link=\"http:\/\/wiaraprawda.pl\/?attachment_id=428\" class=\"wp-image-428\" srcset=\"https:\/\/movart.org.pl\/wp-content\/uploads\/2022\/01\/Mapy_03-1024x724.png 1024w, https:\/\/movart.org.pl\/wp-content\/uploads\/2022\/01\/Mapy_03-300x212.png 300w, https:\/\/movart.org.pl\/wp-content\/uploads\/2022\/01\/Mapy_03-768x543.png 768w, https:\/\/movart.org.pl\/wp-content\/uploads\/2022\/01\/Mapy_03-1536x1086.png 1536w, https:\/\/movart.org.pl\/wp-content\/uploads\/2022\/01\/Mapy_03-382x270.png 382w, https:\/\/movart.org.pl\/wp-content\/uploads\/2022\/01\/Mapy_03.png 2000w\" sizes=\"(max-width: 1024px) 100vw, 1024px\" \/><\/a><\/figure><\/li><li class=\"blocks-gallery-item\"><figure><a href=\"http:\/\/wiaraprawda.pl\/wp-content\/uploads\/2022\/01\/Mapy_04.png\"><img loading=\"lazy\" width=\"1024\" height=\"724\" src=\"https:\/\/wiaraprawda.pl\/wp-content\/uploads\/2022\/01\/Mapy_04-1024x724.png\" alt=\"\" data-id=\"429\" data-full-url=\"http:\/\/wiaraprawda.pl\/wp-content\/uploads\/2022\/01\/Mapy_04.png\" data-link=\"http:\/\/wiaraprawda.pl\/?attachment_id=429\" class=\"wp-image-429\" srcset=\"https:\/\/movart.org.pl\/wp-content\/uploads\/2022\/01\/Mapy_04-1024x724.png 1024w, https:\/\/movart.org.pl\/wp-content\/uploads\/2022\/01\/Mapy_04-300x212.png 300w, https:\/\/movart.org.pl\/wp-content\/uploads\/2022\/01\/Mapy_04-768x543.png 768w, https:\/\/movart.org.pl\/wp-content\/uploads\/2022\/01\/Mapy_04-1536x1086.png 1536w, https:\/\/movart.org.pl\/wp-content\/uploads\/2022\/01\/Mapy_04-382x270.png 382w, https:\/\/movart.org.pl\/wp-content\/uploads\/2022\/01\/Mapy_04.png 2000w\" sizes=\"(max-width: 1024px) 100vw, 1024px\" \/><\/a><\/figure><\/li><li class=\"blocks-gallery-item\"><figure><a href=\"http:\/\/wiaraprawda.pl\/wp-content\/uploads\/2022\/01\/Mapy_05.png\"><img loading=\"lazy\" width=\"1024\" height=\"724\" src=\"https:\/\/wiaraprawda.pl\/wp-content\/uploads\/2022\/01\/Mapy_05-1024x724.png\" alt=\"\" data-id=\"430\" data-full-url=\"http:\/\/wiaraprawda.pl\/wp-content\/uploads\/2022\/01\/Mapy_05.png\" data-link=\"http:\/\/wiaraprawda.pl\/?attachment_id=430\" class=\"wp-image-430\" srcset=\"https:\/\/movart.org.pl\/wp-content\/uploads\/2022\/01\/Mapy_05-1024x724.png 1024w, https:\/\/movart.org.pl\/wp-content\/uploads\/2022\/01\/Mapy_05-300x212.png 300w, https:\/\/movart.org.pl\/wp-content\/uploads\/2022\/01\/Mapy_05-768x543.png 768w, https:\/\/movart.org.pl\/wp-content\/uploads\/2022\/01\/Mapy_05-1536x1086.png 1536w, https:\/\/movart.org.pl\/wp-content\/uploads\/2022\/01\/Mapy_05-382x270.png 382w, https:\/\/movart.org.pl\/wp-content\/uploads\/2022\/01\/Mapy_05.png 2000w\" sizes=\"(max-width: 1024px) 100vw, 1024px\" \/><\/a><\/figure><\/li><li class=\"blocks-gallery-item\"><figure><a href=\"http:\/\/wiaraprawda.pl\/wp-content\/uploads\/2022\/01\/Mapy_06.png\"><img loading=\"lazy\" width=\"1024\" height=\"724\" src=\"https:\/\/wiaraprawda.pl\/wp-content\/uploads\/2022\/01\/Mapy_06-1024x724.png\" alt=\"\" data-id=\"431\" data-full-url=\"http:\/\/wiaraprawda.pl\/wp-content\/uploads\/2022\/01\/Mapy_06.png\" data-link=\"http:\/\/wiaraprawda.pl\/?attachment_id=431\" class=\"wp-image-431\" srcset=\"https:\/\/movart.org.pl\/wp-content\/uploads\/2022\/01\/Mapy_06-1024x724.png 1024w, https:\/\/movart.org.pl\/wp-content\/uploads\/2022\/01\/Mapy_06-300x212.png 300w, https:\/\/movart.org.pl\/wp-content\/uploads\/2022\/01\/Mapy_06-768x543.png 768w, https:\/\/movart.org.pl\/wp-content\/uploads\/2022\/01\/Mapy_06-1536x1086.png 1536w, https:\/\/movart.org.pl\/wp-content\/uploads\/2022\/01\/Mapy_06-382x270.png 382w, https:\/\/movart.org.pl\/wp-content\/uploads\/2022\/01\/Mapy_06.png 2000w\" sizes=\"(max-width: 1024px) 100vw, 1024px\" \/><\/a><\/figure><\/li><li class=\"blocks-gallery-item\"><figure><a href=\"http:\/\/wiaraprawda.pl\/wp-content\/uploads\/2022\/01\/Mapy_07.png\"><img loading=\"lazy\" width=\"1024\" height=\"724\" src=\"https:\/\/wiaraprawda.pl\/wp-content\/uploads\/2022\/01\/Mapy_07-1024x724.png\" alt=\"\" data-id=\"432\" data-full-url=\"http:\/\/wiaraprawda.pl\/wp-content\/uploads\/2022\/01\/Mapy_07.png\" data-link=\"http:\/\/wiaraprawda.pl\/?attachment_id=432\" class=\"wp-image-432\" srcset=\"https:\/\/movart.org.pl\/wp-content\/uploads\/2022\/01\/Mapy_07-1024x724.png 1024w, https:\/\/movart.org.pl\/wp-content\/uploads\/2022\/01\/Mapy_07-300x212.png 300w, https:\/\/movart.org.pl\/wp-content\/uploads\/2022\/01\/Mapy_07-768x543.png 768w, https:\/\/movart.org.pl\/wp-content\/uploads\/2022\/01\/Mapy_07-1536x1086.png 1536w, https:\/\/movart.org.pl\/wp-content\/uploads\/2022\/01\/Mapy_07-382x270.png 382w, https:\/\/movart.org.pl\/wp-content\/uploads\/2022\/01\/Mapy_07.png 2000w\" sizes=\"(max-width: 1024px) 100vw, 1024px\" \/><\/a><\/figure><\/li><li class=\"blocks-gallery-item\"><figure><a href=\"http:\/\/wiaraprawda.pl\/wp-content\/uploads\/2022\/01\/Mapy_08.png\"><img loading=\"lazy\" width=\"1024\" height=\"724\" src=\"https:\/\/wiaraprawda.pl\/wp-content\/uploads\/2022\/01\/Mapy_08-1024x724.png\" alt=\"\" data-id=\"433\" data-full-url=\"http:\/\/wiaraprawda.pl\/wp-content\/uploads\/2022\/01\/Mapy_08.png\" data-link=\"http:\/\/wiaraprawda.pl\/?attachment_id=433\" class=\"wp-image-433\" srcset=\"https:\/\/movart.org.pl\/wp-content\/uploads\/2022\/01\/Mapy_08-1024x724.png 1024w, https:\/\/movart.org.pl\/wp-content\/uploads\/2022\/01\/Mapy_08-300x212.png 300w, https:\/\/movart.org.pl\/wp-content\/uploads\/2022\/01\/Mapy_08-768x543.png 768w, https:\/\/movart.org.pl\/wp-content\/uploads\/2022\/01\/Mapy_08-1536x1086.png 1536w, https:\/\/movart.org.pl\/wp-content\/uploads\/2022\/01\/Mapy_08-382x270.png 382w, https:\/\/movart.org.pl\/wp-content\/uploads\/2022\/01\/Mapy_08.png 2000w\" sizes=\"(max-width: 1024px) 100vw, 1024px\" \/><\/a><\/figure><\/li><li class=\"blocks-gallery-item\"><figure><a href=\"http:\/\/wiaraprawda.pl\/wp-content\/uploads\/2022\/01\/Mapy_09.png\"><img loading=\"lazy\" width=\"1024\" height=\"724\" src=\"https:\/\/wiaraprawda.pl\/wp-content\/uploads\/2022\/01\/Mapy_09-1024x724.png\" alt=\"\" data-id=\"434\" data-full-url=\"http:\/\/wiaraprawda.pl\/wp-content\/uploads\/2022\/01\/Mapy_09.png\" data-link=\"http:\/\/wiaraprawda.pl\/?attachment_id=434\" class=\"wp-image-434\" srcset=\"https:\/\/movart.org.pl\/wp-content\/uploads\/2022\/01\/Mapy_09-1024x724.png 1024w, https:\/\/movart.org.pl\/wp-content\/uploads\/2022\/01\/Mapy_09-300x212.png 300w, https:\/\/movart.org.pl\/wp-content\/uploads\/2022\/01\/Mapy_09-768x543.png 768w, https:\/\/movart.org.pl\/wp-content\/uploads\/2022\/01\/Mapy_09-1536x1086.png 1536w, https:\/\/movart.org.pl\/wp-content\/uploads\/2022\/01\/Mapy_09-382x270.png 382w, https:\/\/movart.org.pl\/wp-content\/uploads\/2022\/01\/Mapy_09.png 2000w\" sizes=\"(max-width: 1024px) 100vw, 1024px\" \/><\/a><\/figure><\/li><li class=\"blocks-gallery-item\"><figure><a href=\"http:\/\/wiaraprawda.pl\/wp-content\/uploads\/2022\/01\/Mapy_10.png\"><img loading=\"lazy\" width=\"1024\" height=\"724\" src=\"https:\/\/wiaraprawda.pl\/wp-content\/uploads\/2022\/01\/Mapy_10-1024x724.png\" alt=\"\" data-id=\"435\" data-full-url=\"http:\/\/wiaraprawda.pl\/wp-content\/uploads\/2022\/01\/Mapy_10.png\" data-link=\"http:\/\/wiaraprawda.pl\/?attachment_id=435\" class=\"wp-image-435\" srcset=\"https:\/\/movart.org.pl\/wp-content\/uploads\/2022\/01\/Mapy_10-1024x724.png 1024w, https:\/\/movart.org.pl\/wp-content\/uploads\/2022\/01\/Mapy_10-300x212.png 300w, https:\/\/movart.org.pl\/wp-content\/uploads\/2022\/01\/Mapy_10-768x543.png 768w, https:\/\/movart.org.pl\/wp-content\/uploads\/2022\/01\/Mapy_10-1536x1086.png 1536w, https:\/\/movart.org.pl\/wp-content\/uploads\/2022\/01\/Mapy_10-382x270.png 382w, https:\/\/movart.org.pl\/wp-content\/uploads\/2022\/01\/Mapy_10.png 2000w\" sizes=\"(max-width: 1024px) 100vw, 1024px\" \/><\/a><\/figure><\/li><li class=\"blocks-gallery-item\"><figure><a href=\"http:\/\/wiaraprawda.pl\/wp-content\/uploads\/2022\/01\/Mapy_11.png\"><img loading=\"lazy\" width=\"1024\" height=\"724\" src=\"https:\/\/wiaraprawda.pl\/wp-content\/uploads\/2022\/01\/Mapy_11-1024x724.png\" alt=\"\" data-id=\"436\" data-full-url=\"http:\/\/wiaraprawda.pl\/wp-content\/uploads\/2022\/01\/Mapy_11.png\" data-link=\"http:\/\/wiaraprawda.pl\/?attachment_id=436\" class=\"wp-image-436\" srcset=\"https:\/\/movart.org.pl\/wp-content\/uploads\/2022\/01\/Mapy_11-1024x724.png 1024w, https:\/\/movart.org.pl\/wp-content\/uploads\/2022\/01\/Mapy_11-300x212.png 300w, https:\/\/movart.org.pl\/wp-content\/uploads\/2022\/01\/Mapy_11-768x543.png 768w, https:\/\/movart.org.pl\/wp-content\/uploads\/2022\/01\/Mapy_11-1536x1086.png 1536w, https:\/\/movart.org.pl\/wp-content\/uploads\/2022\/01\/Mapy_11-382x270.png 382w, https:\/\/movart.org.pl\/wp-content\/uploads\/2022\/01\/Mapy_11.png 2000w\" sizes=\"(max-width: 1024px) 100vw, 1024px\" \/><\/a><\/figure><\/li><li class=\"blocks-gallery-item\"><figure><a href=\"http:\/\/wiaraprawda.pl\/wp-content\/uploads\/2022\/01\/Mapy_12.png\"><img loading=\"lazy\" width=\"1024\" height=\"724\" src=\"https:\/\/wiaraprawda.pl\/wp-content\/uploads\/2022\/01\/Mapy_12-1024x724.png\" alt=\"\" data-id=\"437\" data-full-url=\"http:\/\/wiaraprawda.pl\/wp-content\/uploads\/2022\/01\/Mapy_12.png\" data-link=\"http:\/\/wiaraprawda.pl\/?attachment_id=437\" class=\"wp-image-437\" srcset=\"https:\/\/movart.org.pl\/wp-content\/uploads\/2022\/01\/Mapy_12-1024x724.png 1024w, https:\/\/movart.org.pl\/wp-content\/uploads\/2022\/01\/Mapy_12-300x212.png 300w, https:\/\/movart.org.pl\/wp-content\/uploads\/2022\/01\/Mapy_12-768x543.png 768w, https:\/\/movart.org.pl\/wp-content\/uploads\/2022\/01\/Mapy_12-1536x1086.png 1536w, https:\/\/movart.org.pl\/wp-content\/uploads\/2022\/01\/Mapy_12-382x270.png 382w, https:\/\/movart.org.pl\/wp-content\/uploads\/2022\/01\/Mapy_12.png 2000w\" sizes=\"(max-width: 1024px) 100vw, 1024px\" \/><\/a><\/figure><\/li><li class=\"blocks-gallery-item\"><figure><a href=\"http:\/\/wiaraprawda.pl\/wp-content\/uploads\/2022\/01\/Mapy_13.png\"><img loading=\"lazy\" width=\"1024\" height=\"724\" src=\"https:\/\/wiaraprawda.pl\/wp-content\/uploads\/2022\/01\/Mapy_13-1024x724.png\" alt=\"\" data-id=\"438\" data-full-url=\"http:\/\/wiaraprawda.pl\/wp-content\/uploads\/2022\/01\/Mapy_13.png\" data-link=\"http:\/\/wiaraprawda.pl\/?attachment_id=438\" class=\"wp-image-438\" srcset=\"https:\/\/movart.org.pl\/wp-content\/uploads\/2022\/01\/Mapy_13-1024x724.png 1024w, https:\/\/movart.org.pl\/wp-content\/uploads\/2022\/01\/Mapy_13-300x212.png 300w, https:\/\/movart.org.pl\/wp-content\/uploads\/2022\/01\/Mapy_13-768x543.png 768w, https:\/\/movart.org.pl\/wp-content\/uploads\/2022\/01\/Mapy_13-1536x1086.png 1536w, https:\/\/movart.org.pl\/wp-content\/uploads\/2022\/01\/Mapy_13-382x270.png 382w, https:\/\/movart.org.pl\/wp-content\/uploads\/2022\/01\/Mapy_13.png 2000w\" sizes=\"(max-width: 1024px) 100vw, 1024px\" \/><\/a><\/figure><\/li><li class=\"blocks-gallery-item\"><figure><a href=\"http:\/\/wiaraprawda.pl\/wp-content\/uploads\/2022\/01\/Mapy_14.png\"><img loading=\"lazy\" width=\"1024\" height=\"724\" src=\"https:\/\/wiaraprawda.pl\/wp-content\/uploads\/2022\/01\/Mapy_14-1024x724.png\" alt=\"\" data-id=\"439\" data-full-url=\"http:\/\/wiaraprawda.pl\/wp-content\/uploads\/2022\/01\/Mapy_14.png\" data-link=\"http:\/\/wiaraprawda.pl\/?attachment_id=439\" class=\"wp-image-439\" srcset=\"https:\/\/movart.org.pl\/wp-content\/uploads\/2022\/01\/Mapy_14-1024x724.png 1024w, https:\/\/movart.org.pl\/wp-content\/uploads\/2022\/01\/Mapy_14-300x212.png 300w, https:\/\/movart.org.pl\/wp-content\/uploads\/2022\/01\/Mapy_14-768x543.png 768w, https:\/\/movart.org.pl\/wp-content\/uploads\/2022\/01\/Mapy_14-1536x1086.png 1536w, https:\/\/movart.org.pl\/wp-content\/uploads\/2022\/01\/Mapy_14-382x270.png 382w, https:\/\/movart.org.pl\/wp-content\/uploads\/2022\/01\/Mapy_14.png 2000w\" sizes=\"(max-width: 1024px) 100vw, 1024px\" \/><\/a><\/figure><\/li><li class=\"blocks-gallery-item\"><figure><a href=\"http:\/\/wiaraprawda.pl\/wp-content\/uploads\/2022\/01\/Mapy_15.png\"><img loading=\"lazy\" width=\"1024\" height=\"724\" src=\"https:\/\/wiaraprawda.pl\/wp-content\/uploads\/2022\/01\/Mapy_15-1024x724.png\" alt=\"\" data-id=\"440\" data-full-url=\"http:\/\/wiaraprawda.pl\/wp-content\/uploads\/2022\/01\/Mapy_15.png\" data-link=\"http:\/\/wiaraprawda.pl\/?attachment_id=440\" class=\"wp-image-440\" srcset=\"https:\/\/movart.org.pl\/wp-content\/uploads\/2022\/01\/Mapy_15-1024x724.png 1024w, https:\/\/movart.org.pl\/wp-content\/uploads\/2022\/01\/Mapy_15-300x212.png 300w, https:\/\/movart.org.pl\/wp-content\/uploads\/2022\/01\/Mapy_15-768x543.png 768w, https:\/\/movart.org.pl\/wp-content\/uploads\/2022\/01\/Mapy_15-1536x1086.png 1536w, https:\/\/movart.org.pl\/wp-content\/uploads\/2022\/01\/Mapy_15-382x270.png 382w, https:\/\/movart.org.pl\/wp-content\/uploads\/2022\/01\/Mapy_15.png 2000w\" sizes=\"(max-width: 1024px) 100vw, 1024px\" \/><\/a><\/figure><\/li><li class=\"blocks-gallery-item\"><figure><a href=\"http:\/\/wiaraprawda.pl\/wp-content\/uploads\/2022\/01\/Mapy_16.png\"><img loading=\"lazy\" width=\"1024\" height=\"724\" src=\"https:\/\/wiaraprawda.pl\/wp-content\/uploads\/2022\/01\/Mapy_16-1024x724.png\" alt=\"\" data-id=\"441\" data-full-url=\"http:\/\/wiaraprawda.pl\/wp-content\/uploads\/2022\/01\/Mapy_16.png\" data-link=\"http:\/\/wiaraprawda.pl\/?attachment_id=441\" class=\"wp-image-441\" srcset=\"https:\/\/movart.org.pl\/wp-content\/uploads\/2022\/01\/Mapy_16-1024x724.png 1024w, https:\/\/movart.org.pl\/wp-content\/uploads\/2022\/01\/Mapy_16-300x212.png 300w, https:\/\/movart.org.pl\/wp-content\/uploads\/2022\/01\/Mapy_16-768x543.png 768w, https:\/\/movart.org.pl\/wp-content\/uploads\/2022\/01\/Mapy_16-1536x1086.png 1536w, https:\/\/movart.org.pl\/wp-content\/uploads\/2022\/01\/Mapy_16-382x270.png 382w, https:\/\/movart.org.pl\/wp-content\/uploads\/2022\/01\/Mapy_16.png 2000w\" sizes=\"(max-width: 1024px) 100vw, 1024px\" \/><\/a><\/figure><\/li><li class=\"blocks-gallery-item\"><figure><a href=\"http:\/\/wiaraprawda.pl\/wp-content\/uploads\/2022\/01\/Mapy_17.png\"><img loading=\"lazy\" width=\"1024\" height=\"724\" src=\"https:\/\/wiaraprawda.pl\/wp-content\/uploads\/2022\/01\/Mapy_17-1024x724.png\" alt=\"\" data-id=\"442\" data-full-url=\"http:\/\/wiaraprawda.pl\/wp-content\/uploads\/2022\/01\/Mapy_17.png\" data-link=\"http:\/\/wiaraprawda.pl\/?attachment_id=442\" class=\"wp-image-442\" srcset=\"https:\/\/movart.org.pl\/wp-content\/uploads\/2022\/01\/Mapy_17-1024x724.png 1024w, https:\/\/movart.org.pl\/wp-content\/uploads\/2022\/01\/Mapy_17-300x212.png 300w, https:\/\/movart.org.pl\/wp-content\/uploads\/2022\/01\/Mapy_17-768x543.png 768w, https:\/\/movart.org.pl\/wp-content\/uploads\/2022\/01\/Mapy_17-1536x1086.png 1536w, https:\/\/movart.org.pl\/wp-content\/uploads\/2022\/01\/Mapy_17-382x270.png 382w, https:\/\/movart.org.pl\/wp-content\/uploads\/2022\/01\/Mapy_17.png 2000w\" sizes=\"(max-width: 1024px) 100vw, 1024px\" \/><\/a><\/figure><\/li><\/ul><\/figure>\n\n\n\n<p><strong>Mapy w wersji PDF do pobrania<\/strong><\/p>\n\n\n\n<p><a rel=\"noreferrer noopener\" href=\"https:\/\/drive.google.com\/file\/d\/1VKuO5iDaoH6YNDvt2f_jzkx1qzGRnizx\/view?usp=sharing\" data-type=\"URL\" data-id=\"https:\/\/drive.google.com\/file\/d\/1VKuO5iDaoH6YNDvt2f_jzkx1qzGRnizx\/view?usp=sharing\" target=\"_blank\">NATURALnie &#8211; Mapy i trasy<\/a><\/p>\n","protected":false},"excerpt":{"rendered":"<p>NATURAlnie Kalwaria Zebrzydowska, Lanckorona, Wadowice Z czego znane s\u0105 polskim i zagranicznym turystom Kalwaria Zebrzydowska, Lanckorona i Wadowice? Odpowied\u017a wydaje si\u0119 prosta, a jednak&#8230; Tym razem proponujemy Wam spacer po mniej znanych i utartych drogach Powiatu Wadowickiego. Zapraszamy na w\u0119dr\u00f3wk\u0119 szlakiem przyrody, kt\u00f3ra w tych okolicach jest naprawd\u0119 wyj\u0105tkowo pi\u0119kna. Projekt zrealizowano przy wsparciu finansowym Wojew\u00f3dztwa Ma\u0142opolskiego. Trailer PL Trailer z napisami PL Trailer z napisami EN Ca\u0142y film (PL) Ca\u0142y film z napisami PL Ca\u0142y film z napisami EN&#8230;<\/p>\n<p class=\"read-more\"><a class=\"btn btn-default\" href=\"https:\/\/movart.org.pl\/?page_id=424\"> Read More<span class=\"screen-reader-text\">  Read More<\/span><\/a><\/p>\n","protected":false},"author":2,"featured_media":0,"parent":0,"menu_order":0,"comment_status":"closed","ping_status":"closed","template":"","meta":[],"_links":{"self":[{"href":"https:\/\/movart.org.pl\/index.php?rest_route=\/wp\/v2\/pages\/424"}],"collection":[{"href":"https:\/\/movart.org.pl\/index.php?rest_route=\/wp\/v2\/pages"}],"about":[{"href":"https:\/\/movart.org.pl\/index.php?rest_route=\/wp\/v2\/types\/page"}],"author":[{"embeddable":true,"href":"https:\/\/movart.org.pl\/index.php?rest_route=\/wp\/v2\/users\/2"}],"replies":[{"embeddable":true,"href":"https:\/\/movart.org.pl\/index.php?rest_route=%2Fwp%2Fv2%2Fcomments&post=424"}],"version-history":[{"count":10,"href":"https:\/\/movart.org.pl\/index.php?rest_route=\/wp\/v2\/pages\/424\/revisions"}],"predecessor-version":[{"id":634,"href":"https:\/\/movart.org.pl\/index.php?rest_route=\/wp\/v2\/pages\/424\/revisions\/634"}],"wp:attachment":[{"href":"https:\/\/movart.org.pl\/index.php?rest_route=%2Fwp%2Fv2%2Fmedia&parent=424"}],"curies":[{"name":"wp","href":"https:\/\/api.w.org\/{rel}","templated":true}]}}