{"id":2,"date":"2018-02-23T20:54:35","date_gmt":"2018-02-23T19:54:35","guid":{"rendered":"http:\/\/wiaraprawda.pl\/?page_id=2"},"modified":"2022-05-06T10:09:47","modified_gmt":"2022-05-06T08:09:47","slug":"przykladowa-strona","status":"publish","type":"page","link":"https:\/\/movart.org.pl\/?page_id=2","title":{"rendered":"O nas"},"content":{"rendered":"<h2 style=\"text-align: center\"><strong>Fundacja movart<\/strong><\/h2>\n<p style=\"text-align: center\">ul. Raciborska 13\/31, 30-384 Krak\u00f3w<br \/>biuro@movart.org.pl<br \/>KRS 0000715576\u00a0 |\u00a0 NIP 6762544078\u00a0 |\u00a0 REGON 369334703<\/p>\n<p style=\"text-align: center\">Nr konta:<br \/>Santander Bank Polska S.A. Oddzia\u0142 2 w Krakowie<br \/>06 1090 1665 0000 0001 3598 2854<\/p>\n<p>Zapoznaj si\u0119 z zak\u0142adk\u0105 <a href=\"http:\/\/wiaraprawda.pl\/?page_id=59\">Polityka prywatno\u015bci<\/a><\/p>\n<p><strong>Napisz do nas<\/strong>: biuro@movart.org.pl<\/p>\n\n\n<p><\/p>\n\n\n\n<p><strong>Adres do e-Dor\u0119cze\u0144:<\/strong> AE:PL-65029-95130-TVUHE-31<\/p>\n","protected":false},"excerpt":{"rendered":"<p>Fundacja movart ul. Raciborska 13\/31, 30-384 Krak\u00f3wbiuro@movart.org.plKRS 0000715576\u00a0 |\u00a0 NIP 6762544078\u00a0 |\u00a0 REGON 369334703 Nr konta:Santander Bank Polska S.A. Oddzia\u0142 2 w Krakowie06 1090 1665 0000 0001 3598 2854 Zapoznaj si\u0119 z zak\u0142adk\u0105 Polityka prywatno\u015bci Napisz do nas: biuro@movart.org.pl Adres do e-Dor\u0119cze\u0144: AE:PL-65029-95130-TVUHE-31<\/p>\n","protected":false},"author":1,"featured_media":0,"parent":0,"menu_order":0,"comment_status":"closed","ping_status":"closed","template":"","meta":[],"_links":{"self":[{"href":"https:\/\/movart.org.pl\/index.php?rest_route=\/wp\/v2\/pages\/2"}],"collection":[{"href":"https:\/\/movart.org.pl\/index.php?rest_route=\/wp\/v2\/pages"}],"about":[{"href":"https:\/\/movart.org.pl\/index.php?rest_route=\/wp\/v2\/types\/page"}],"author":[{"embeddable":true,"href":"https:\/\/movart.org.pl\/index.php?rest_route=\/wp\/v2\/users\/1"}],"replies":[{"embeddable":true,"href":"https:\/\/movart.org.pl\/index.php?rest_route=%2Fwp%2Fv2%2Fcomments&post=2"}],"version-history":[{"count":19,"href":"https:\/\/movart.org.pl\/index.php?rest_route=\/wp\/v2\/pages\/2\/revisions"}],"predecessor-version":[{"id":474,"href":"https:\/\/movart.org.pl\/index.php?rest_route=\/wp\/v2\/pages\/2\/revisions\/474"}],"wp:attachment":[{"href":"https:\/\/movart.org.pl\/index.php?rest_route=%2Fwp%2Fv2%2Fmedia&parent=2"}],"curies":[{"name":"wp","href":"https:\/\/api.w.org\/{rel}","templated":true}]}}